6)
-3
Evaluate -9 + -1 + (2 - (8 - 21)).
5
Calculate 25 + 18 + -44 + 19.
18
What is the value of 3 - (-3 + 13 - 35)?
28
4 + (-1 - 2) + -12 - (2 - 5)
-8
What is the value of (3 + -1 - -3) + 5 + -19 + -3?
-12
What is the value of 11 + -2 + 6 - 1?
14
Calculate (38 - (-21 + 8)) + -37.
14
What is -20 + (-19 - (-53 + 17))?
-3
24 + -38 + (15 - (-3 + -1))
5
Evaluate 10 + -6 + (20 - (-5 + -7 + 3)).
33
-17 - (18 - (16 + -6))
-25
Calculate -5 - (-7 - (-1 + (-13 - -14))).
2
What is the value of -26 - -24 - (-4 + -8)?
10
Evaluate -23 + 3 + (17 + -4 - (9 + 1)).
-17
What is the value of (-1 - -11) + 4 + (1 + 1 - 3)?
13
Calculate -4 + 14 + (11 - 19) - (12 - -3).
-13
(21 - 15) + -5 + -4 + 1 - 13
-15
What is the value of (-4 + 9 - (-5 - -4)) + 0 - 3?
3
Evaluate -42 - (20 - 0 - 29).
-33
Evaluate 0 + -2 + (-12 + 3 - (8 - 5)).
-14
Evaluate (0 - -7) + (2 - -12) + -11.
10
What is 0 + 14 + (-39 - -12)?
-13
What is 10 + 0 - (-18 + (2 - -10)) - 8?
8
What is the value of -37 + 41 + -9 + -6 - -33?
22
What is the value of -26 + 8 + 3 + 7?
-8
-30 + 8 + (-4 - 1) + (-3 - 2)
-32
Evaluate 0 - ((17 - 18) + -11 + 3 + 0).
9
What is the value of -4 - (2 + -14 + (4 - -3))?
1
(-10 - (-30 + 4)) + -30
-14
-2 - 6 - (-50 - -70)
-28
What is 3 - (-10 + 0 + 7 + -15 - 8)?
29
Calculate -17 - (29 + -18 + -25).
-3
(-56 - -41) + (1 - -15)
1
Calculate (10 + -7 - -4 - -1) + -12.
-4
What is -2 - ((2 - (-16 - -11)) + 0 + -1)?
-8
(-7 - (3 + -12 + 7)) + 10 + -3
2
30 - 24 - (-27 - -42)
-9
Evaluate (-23 - -15 - 5) + -5.
-18
What is -20 - (-47 + 60 - (2 - -24))?
-7
Evaluate (-5 - (-5 - -18)) + 7.
-11
-5 + 3 + (-4 - -1) + -1 + 18
12
40 + (17 - 22 - 17)
18
What is the value of -20 + 12 - -11 - (2 - -4)?
-3
What is -19 - (-1 - (29 - 10))?
1
Evaluate -43 - (-6 - 45 - -41).
-33
Evaluate -6 + -10 - 9 - -11.
-14
Calculate 1 + -4 - (7 + (35 - 32)).
-13
Calculate (15 + -17 - 5) + 38 - 8.
23
What is the value of -6 + (-3 - -9) - (-4 - 3)?
7
What is 13 + 16 + (17 - 31)?
15
Evaluate (-1 + 6 - 4) + 19 + -25 + 15.
10
What is -16 + 24 + -2 - (-2 - -2)?
6
Evaluate -1 + 1 + 954 + -937.
17
Evaluate (7 - 0) + (4 + -21 - 7).
-17
Calculate (-3 - -2) + (-43 - -29) - -15.
0
Calculate (5 - -8) + (-7 - (-8 - -7) - -2).
9
Evaluate (1 - 9) + (17 + -32 - -14).
-9
What is 0 - -6 - ((6 - (10 + -6)) + -8)?
12
(7 - (-2 + 3)) + 4 + -7
3
Evaluate (31 - 14) + 4 + -3.
18
(5 - 15 - (-2 + 3)) + -5
-16
Calculate (-7 - 0) + (10 + 9 - -2) + -7.
7
Evaluate -317 + 324 - (-1 - -6).
2
Calculate 6 + (3 - (-1 + 3)) + 2 - 0.
9
What is (-2 - (-20 - -1 - -7)) + 15?
25
Evaluate (-10 - -1) + (20 - 15 - 7) + 8.
-3
What is the value of -11 + (9 - 0) + -1 + 1?
-2
6 - (4 + 1 - 1 - -18)
-16
Evaluate (-1 + -12 - -14) + -1 + -1.
-1
(32 - -7) + -5 - 15
19
Calculate -13 - (-3 - ((7 - 9) + -3 + 0)).
-15
What is 17 + 1 + 0 - (-104 + 112)?
10
20 + (34 + (8 - 18) - 7)
37
12 - (2 + 13 + -32 + 5)
24
What is the value of 2 + 5 + (104 - 101)?
10
What is the value of -3 + (-3 - -15) + -2 - (18 + -19)?
8
Calculate (-1 - 9) + 279 + -254.
15
Calculate (-1 - (-3 - 0)) + (97 - 96).
3
Evaluate -3 + -32 + 10 + 48.
23
Evaluate -6 - 10 - (23 - 14).
-25
Calculate 1 - 7 - -8 - (12 - (2 - 1)).
-9
26 - 33 - ((9 - 6) + -20)
10
23 - 3 - (26 - 15)
9
Evaluate (2 - 20) + -3 + (23 - 12).
-10
(-32 - -122 - 86) + (0 - -1) + -4
1
Calculate 0 + -9 + 6 + (-12 - -6) + -16.
-25
What is -5 + (9 - (3 + -1 + -5))?
7
Evaluate 0 + -2 - (-16 - -26) - -9.
-3
Calculate -5 + -3 + -1 + 24 + (-11 - -7).
11
What is 30 + -8 + 8 + -15?
15
Calculate 42 + -13 + 13 + -3 + 0 + 1.
40
Calculate (3 - -8) + (-2 - (13 - 16)).
12
Evaluate -19 - 26 - (-3 + -6).
-36
What is the value of (9 + -19 - -22) + -2?
10
Evaluate 62 + -81 - (3 + -3 + 0).
-19
-35 + 31 + -2 + -11
-17
What is -16 - (1 + 6 + -15 + (-6 - -14))?
-16
Evaluate 5 - (7 - 5) - (-14 + 0 - -31).
-14
Evaluate (2 - (-16 - -18) - (1 - 1)) + -5.
-5
Calculate 21 - 0 - (8 + (-13 - -14)).
12
What is the value of -9 + (4 + -7 - -4) + 6?
-2
What is (-25 - -47) + (-5 - (1 - -3))?
13
What is (0 - (-2 - 2)) + (11 - (13 + 1))?
1
(-75 - -74) + -2 + -4 + -1
-8
1 - -2 - (7 + (1 + -7 - -12))
-10
What is the value of -62 + 5 - (107 + -138)?
-26
Calculate -51 + 29 + (-4 - -20).
-6
What is (-41 - -17) + (-1 - 9) + 9?
-25
23 - ((-5 - -3) + 1) - (57 + -50)
17
What is -2 + (3 - -14 - 3) + 1?
13
What is 6 - (22 - (-6 + 5 + 6))?
-11
What is the value of (9 - (11 + -4)) + 2 + -4 + 16?
16
What is 4 - (-1 - -1) - (33 - 36) - -18?
25
What is the value of 16 + -12 + 0 + -3 - -18?
19
Calculate (-14 - -4) + 13 - (-1 + 8 + 1).
-5
What is the value of 11 - (9 - -16) - -8 - (-14 - 1)?
9
What is 2 - -3 - (-3 + -3)?
11
What is the value of 14 + (-9 - 2) + (1 + -6 - -1)?
-1
(-7 - (0 - (7 - 2))) + 3 + -8
-7
-13 - -2 - (-151 + 152)
-12
(12 - (34 - 35)) + (-4 - (2 + -2))
9
-13 - 1 - (4 + 1 - 4 - 1)
-14
Evaluate -15 - (17 - (51 - 28)).
-9
What is the value of 11 + (8 - 2) + -39?
-22
7 - ((17 - 9) + -7 + -1)
7
What is the value of 52 - (-40 - (-113 + 37))?
16
Calculate -17 + 8 + (-1 - -1 - (-25 + 18)).
-2
What is the value of (-16 - -39) + -14 - 34?
-25
(6 - 8) + 8 + -41 + 50
15
What is the value of (15 - 26) + 2 + (1 - -3)?
-5
What is -21 + 19 + -4 + -19 + 18?
-7
Evaluate -15 - (123 + -134 + (17 - 0)).
-21
(8 - (9 + 8 + -6)) + -4
-7
What is the value of 5 + 1 + (-60 - -63)?
9
Calculate 16 + -26 + 13 + 0.
3
Calculate 8 + 1 + -7 + 6 + -4 + 11.
15
What is 9 - -22 - (8 - (1 + -6))?
18
What is (-14 - -1) + 17 - 12?
-8
Calculate (-12 - (-33 - -11)) + -7.
3
Evaluate 4 + -11 + (17 - 8) + 0 + 6.
8
Evaluate 7 + (-2 - -1) - 7 - -21.
20
What is the value of (42 - 32) + -1 + 5?
14
What is -5 - (1 + 28 + -46)?
12
What is the value of 5 + -8 + 1 - (-31 - -10)?
19
What is the value of (-1 - 1 - 7) + 43 + (35 - 66)?
3
What is 30 + -7 + -15 + 4?
12
What is 7 - 14 - -22 - (-3 + 5)?
13
Calculate 46 + -51 - (-2 + 1 + -11 + -1).
8
Calculate 70 - 85 - (-11 + -2).
-2
Evaluate -24 + 12 + 8 - 2.
-6
What is the value of 5 - ((2 + -2 - 1) + 34)?
-28
What is 3 + (-10 - (-2 - 2))?
-3
Evaluate -7 + 14 + -9 + 5 + -4.
-1
Evaluate 26 + -17 - -4 - 21.
-8
Evaluate 14 + (-14 + 4 - 3).
1
Evaluate -3 + (11 - 23 - -12) + 3.
0
What is the value of 5 + (5 - 19 - -36) - 5?
22
Evaluate -14 - (-71 - -14) - 10.
33
What is (-8 - -15) + -12 + -4?
-9
Calculate -5 - 0 - (-12 + 24 - -2).
-19
(31 - 52) + 34 + (-12 - 1)
0
Calculate 17 + (22 + -48 - -4).
-5
What is -1 + -5 - (14 + 21 - 40)?
-1
Calculate 4 + (0 - 0) + (-8 - 13 - -15).
-2
What is the value of -13 - (-11 - -10) - -17?
5
What is the value of 1 - 3 - (5 - (18 + 0 + 2))?
13
Calculate -10 + (-1 - -1) - -15.
5
Evaluate -13 + 13 + (10 - 11).
-1
Evaluate -42 + 83 + (-23 - 9).
9
Calculate 9 + (8 - (1 + -1 - (51 - 55))).
13
What is -10 + 2 + 0 + (41 - (-7 - -12))?
28
(-30 + 34 - 6) + -7 + (0 - 1)
-10
What is -7 - -11 - (-45 - -49) - 30?
-30
22 + -1 + (24 - 43)
2
Calculate 27 + -28 + -2 + -9 - -34.
22
What is 9 + (-18 - -15) - 12?
-6
Calculate -7 - (10 + 24) - -1.
-40
16 - (-19 + -25 + 45)
15
What is -3 + (-3 - -5) + (4 - -9)?
12
1 - ((-1 - 0) + 16 + (-205 - -212))
-21
What is 3 - (10 + -5 + -1)?
-1
Evaluate (51 - 46) + (-4 - 1) - (4 + 5).
-9
Evaluate -31 + 2 + 7 - 1 - (2 - 11).
-14
What is the value of 15 + -1 + -1 - (36 + -13 - 15)?
5
What is the value of -1114 + 1090 - (2 + -1 + 2 - 0)?
-27
What is the value of 39 - 4 - 0 - (12 + -3)?
26
What is 4 - 1 - (11 + (-28 + 2 - -11))?
7
What is -2 - (-13 + 0 + (-16 - (-18 + 0)))?
9
Evaluate -3 + (11 - 13) + (-1 - -1).
-5
Evaluate -88 - -92 - (-11 - -25).
-10
Calculate (48 + -51 - (-6 + 0)) + -5 + -3.
-5
What is 15 - ((8 - 19 - -37) + 14)?
-25
What is the value of 9 + -22 + 13 + 8?
8
What is the value of -22 - (-7 - (-10 - ((-3 - -6) + -6)))?
-22
-2 + 28 + -53 + 23
-4
Calculate 82 - 81 - (-2 + 5 - (0 + 1)).
-1
What is the value of (-9 + 3 - (0 + 1)) + 10?
3
Evaluate 13 - 5 - 7 - 11.
-10
Calculate 0 - -7 - ((-4 + -6 - -5) + -3).
15
What is the value of (15 - 0) + (1470 - 1482)?
3
What is 11 + 8 + (-9 - (-7 + -5))?
22
What is 1 + 32 + (-11 - (-8 - (-8 + 6)))?
28
Calculate -3 + (15 - (48 - 33)).
-3
What is the value of 13 + (5 - 14) - (-3 + 2)?
5
What is (10 + 1 - (2 - -5) - 10) + 17?
11
Evaluate 19 - (-3 - 1) - 13.
10
-7 + (5 - -6) - (24 - 8)
-12
Calculate -7 + 1 + (0 - 3 - (-10 + 2)).
-1
Calculate 23 + (4 - (8 + 25)).
-6
Evaluate -6 - (-5 + 3) - (-2 - (5